are the prime factors of 61250274?
2, 3, 3402793
What are the prime factors of 54579074?
2, 11, 307, 8081
List the prime factors of 484652386.
2, 251, 965443
List the prime factors of 55877547.
3, 11, 41, 41299
List the prime factors of 1749546.
2, 3, 179, 181
List the prime factors of 75595241.
461, 163981
What are the prime factors of 862762466?
2, 13907, 31019
List the prime factors of 828584495.
5, 59, 2808761
List the prime factors of 22843944.
2, 3, 3917
List the prime factors of 8553860224.
2, 7, 13, 2141
What are the prime factors of 119385272?
2, 23, 97, 6689
What are the prime factors of 1016515523?
19, 53500817
List the prime factors of 39899966.
2, 1061, 18803
List the prime factors of 99569198.
2, 49784599
List the prime factors of 308622798.
2, 3, 11, 173189
List the prime factors of 110797185.
3, 5, 929, 7951
List the prime factors of 8618604148.
2, 7, 11, 1217, 22993
List the prime factors of 183828384.
2, 3, 251, 2543
What are the prime factors of 572891469?
3, 53, 179, 20129
What are the prime factors of 747008906?
2, 7, 53357779
List the prime factors of 298360416.
2, 3, 23, 163, 829
What are the prime factors of 1839287772?
2, 3, 7, 1721, 4241
List the prime factors of 3579298169.
2857, 1252817
What are the prime factors of 694970083?
479, 1450877
List the prime factors of 303712038.
2, 3, 7, 17, 151, 313
List the prime factors of 104293482.
2, 3, 17382247
What are the prime factors of 3584702940?
2, 3, 5, 7, 13, 50503
What are the prime factors of 547613635?
5, 1871, 58537
List the prime factors of 2565532806.
2, 3, 427588801
What are the prime factors of 272236672?
2, 2126849
What are the prime factors of 2434019352?
2, 3, 101417473
What are the prime factors of 735798570?
2, 3, 5, 13, 1886663
List the prime factors of 107826515.
5, 41, 525983
What are the prime factors of 49417300?
2, 5, 17, 41, 709
List the prime factors of 448728614.
2, 67, 967, 3463
What are the prime factors of 2488715749?
13, 79, 127, 19081
List the prime factors of 3469213344.
2, 3, 19, 1901981
List the prime factors of 2168222578.
2, 1084111289
What are the prime factors of 22065945?
3, 5, 11, 133733
What are the prime factors of 2619752?
2, 327469
What are the prime factors of 3388044629?
173, 887, 22079
What are the prime factors of 95940164?
2, 31, 41, 113, 167
List the prime factors of 660765501.
3, 11, 6674399
List the prime factors of 667946024.
2, 463, 180331
List the prime factors of 44096990.
2, 5, 7, 617, 1021
What are the prime factors of 177988303?
177988303
What are the prime factors of 30872268?
2, 3, 7, 122509
List the prime factors of 177892114.
2, 17, 5232121
List the prime factors of 1213133858.
2, 29, 751, 27851
What are the prime factors of 795269643?
3, 7, 19, 23, 4561
What are the prime factors of 4654641?
3, 233, 6659
List the prime factors of 1096482720.
2, 3, 5, 2284339
List the prime factors of 499705136.
2, 7, 637379
List the prime factors of 1074425528.
2, 11, 19, 31, 1091
List the prime factors of 448178914.
2, 224089457
What are the prime factors of 450866182?
2, 13, 67, 3863
List the prime factors of 6134435857.
11, 43, 1179019
What are the prime factors of 911782602?
2, 3, 19, 31, 109, 263
List the prime factors of 447323463.
3, 29, 1713883
List the prime factors of 32983045.
5, 6596609
What are the prime factors of 6019959?
3, 11, 182423
What are the prime factors of 573477580?
2, 5, 13, 97, 22739
What are the prime factors of 1775388015?
3, 5, 71, 555677
List the prime factors of 2240351.
2240351
What are the prime factors of 2725681300?
2, 5, 61, 73, 6121
List the prime factors of 1626408351.
3, 47, 383, 10039
List the prime factors of 1312724373.
3, 437574791
List the prime factors of 5112340711.
151, 33856561
What are the prime factors of 390268758?
2, 3, 11, 5913163
What are the prime factors of 113793773?
751, 151523
What are the prime factors of 32605900?
2, 5, 19, 131
What are the prime factors of 27923959?
7, 3989137
What are the prime factors of 91458836?
2, 7, 3266387
What are the prime factors of 239475354?
2, 3, 19, 2100661
List the prime factors of 111167260.
2, 5, 5558363
List the prime factors of 328839090.
2, 3, 5, 10961303
What are the prime factors of 452540559?
3, 150846853
List the prime factors of 1361125483.
43, 2309, 13709
List the prime factors of 113676330.
2, 3, 5, 73, 51907
List the prime factors of 4255725731.
54779, 77689
What are the prime factors of 406006441?
406006441
What are the prime factors of 1135939446?
2, 3, 2137, 29531
What are the prime factors of 110070452?
2, 27517613
What are the prime factors of 869181986?
2, 434590993
List the prime factors of 12136133.
61, 198953
What are the prime factors of 66087268?
2, 13, 1270909
What are the prime factors of 30500641?
73, 151, 2767
What are the prime factors of 117541492?
2, 53, 571, 971
What are the prime factors of 5955791324?
2, 7, 212706833
List the prime factors of 529788485.
5, 105957697
List the prime factors of 5391058.
2, 61, 44189
List the prime factors of 162572722.
2, 13, 773, 8089
List the prime factors of 50922420.
2, 3, 5, 848707
What are the prime factors of 401328492?
2, 3, 37, 571, 1583
List the prime factors of 6613854162.
2, 3, 23167, 47581
List the prime factors of 19231132.
2, 41, 149, 787
What are the prime factors of 40116559?
7, 613, 9349
List the prime factors of 1034429688.
2, 3, 853, 16843
List the prime factors of 774040689.
3, 23, 1307, 2861
List the prime factors of 132081343.
132081343
List the prime factors of 630705420.
2, 3, 5, 1167973
List the prime factors of 2191402133.
4373, 501121
What are the prime factors of 2524739?
7, 19, 41, 463
List the prime factors of 253541495.
5, 50708299
List the prime factors of 73806150.
2, 3, 5, 11, 41, 1091
What are the prime factors of 971136739?
73, 13303243
What are the prime factors of 887293378?
2, 137, 167, 19391
List the prime factors of 2344163924.
2, 53, 569, 19433
List the prime factors of 140157446.
2, 11, 13, 23, 149
List the prime factors of 196076884.
2, 19, 523, 4933
List the prime factors of 250035258.
2, 3, 11, 3788413
List the prime factors of 45996679.
17, 2705687
What are the prime factors of 560887084?
2, 151, 928621
List the prime factors of 52376300.
2, 5, 523763
What are the prime factors of 120723943?
1531, 78853
List the prime factors of 137964066.
2, 3, 59, 61, 6389
List the prime factors of 32893261.
32893261
List the prime factors of 1358988329.
2647, 513407
List the prime factors of 7726255959.
3, 829, 3106657
What are the prime factors of 75938641?
3307, 22963
List the prime factors of 20672882.
2, 29, 101, 3529
List the prime factors of 1685706376.
2, 139, 1515923
What are the prime factors of 113668166?
2, 1327, 42829
List the prime factors of 11677397.
229, 50993
List the prime factors of 8116763561.
8116763561
List the prime factors of 5037643.
13, 479, 809
What are the prime factors of 216459079?
17, 1301, 9787
List the prime factors of 44994616.
2, 5624327
List the prime factors of 66883341.
3, 7, 41, 77681
List the prime factors of 308777413.
7, 29, 409, 3719
What are the prime factors of 212485614?
2, 3, 11, 3219479
List the prime factors of 1190439261.
3, 11, 40487
List the prime factors of 126658042.
2, 7, 1292429
List the prime factors of 752182789.
43, 229, 76387
What are the prime factors of 3188879395?
5, 13, 49059683
List the prime factors of 229067294.
2, 79, 1123, 1291
List the prime factors of 85720870.
2, 5, 109, 78643
List the prime factors of 314247607.
314247607
What are the prime factors of 69953472?
2, 3, 121447
What are the prime factors of 3003513906?
2, 3, 359, 1394389
What are the prime factors of 444820252?
2, 1237, 89899
List the prime factors of 184012205.
5, 13, 127, 22291
What are the prime factors of 525726984?
2, 3, 21905291
What are the prime factors of 2210375652?
2, 3, 11443, 16097
List the prime factors of 2529204087.
3, 17, 49592237
What are the prime factors of 234882728?
2, 2273, 12917
What are the prime factors of 328734288?
2, 3, 84551
List the prime factors of 7032973.
7032973
What are the prime factors of 4904976715?
5, 83, 2269, 5209
List the prime factors of 821534585.
5, 23, 59, 121081
What are the prime factors of 1219014208?
2, 1601, 11897
What are the prime factors of 143